
What is 11021122101 (base 3) in base 9?
137571
What is 416 (base 9) in base 4?
11103
What is 295 (base 11) in base 13?
208
Convert -499 (base 14) to base 6.
-4131
What is 661 (base 14) in base 9?
1651
-1101110111010 (base 2) to base 12
-4136
What is 112b (base 14) in base 8?
5643
Convert 21337 (base 9) to base 5.
423003
Convert 3b2 (base 15) to base 4.
31022
-78cb (base 14) to base 13
-96cc
What is 110244 (base 5) in base 10?
3824
144 (base 11) to base 8
251
143 (base 6) to base 16
3f
What is a8b (base 14) in base 8?
4043
What is 18367 (base 9) in base 2?
11000110011001
18a (base 16) to base 4
12022
Convert 8766 (base 10) to base 7.
34362
-2790 (base 10) to base 15
-c60
-20301 (base 4) to base 3
-202210
What is -21a4 (base 11) in base 2?
-101101010001
What is 503 (base 9) in base 11?
341
549 (base 13) to base 3
1020120
Convert -38055 (base 10) to base 3.
-1221012110
Convert -2241120 (base 5) to base 8.
-116340
What is -2000 (base 9) in base 3?
-2000000
Convert 122022 (base 3) to base 9.
568
111011111011 (base 2) to base 5
110320
24d (base 15) to base 11
436
What is -56 (base 7) in base 15?
-2b
What is -b45 (base 12) in base 9?
-2218
Convert 1235314 (base 6) to base 14.
1a74a
-2021 (base 3) to base 12
-51
What is 22010 (base 5) in base 12?
a55
Convert 48a (base 15) to base 14.
538
What is 100110110110 (base 2) in base 7?
10151
Convert -29a1 (base 16) to base 14.
-3c53
Convert 28798 (base 12) to base 3.
2212101122
Convert -4204 (base 14) to base 4.
-2301230
Convert -220232 (base 4) to base 15.
-b8b
Convert da (base 14) to base 2.
11000000
1587 (base 11) to base 8
3757
What is 4a162 (base 11) in base 12?
35853
Convert -41d6 (base 14) to base 16.
-2c60
Convert -44433 (base 5) to base 4.
-300232
1102121 (base 3) to base 7
3016
What is -71645 (base 8) in base 9?
-44544
Convert 1332 (base 8) to base 6.
3214
Convert 70205 (base 8) to base 9.
43455
What is 353230 (base 6) in base 13?
10b99
Convert -5f23 (base 16) to base 9.
-36361
1010111011 (base 2) to base 5
10244
Convert -3393 (base 15) to base 9.
-16003
What is -3cb (base 15) in base 8?
-1542
Convert -6a (base 11) to base 4.
-1030
What is 122310 (base 4) in base 2?
11010110100
What is -1110010000001101 (base 2) in base 5?
-3332011
a1 (base 13) to base 16
83
-11201222 (base 3) to base 13
-175a
What is -1111011010101 (base 2) in base 16?
-1ed5
Convert -117 (base 15) to base 5.
-1442
What is -1446 (base 7) in base 13?
-351
What is 2335 (base 10) in base 8?
4437
What is 13101 (base 14) in base 6?
1000513
Convert -302310 (base 4) to base 9.
-4413
Convert -424253 (base 6) to base 4.
-20131221
What is -259 (base 10) in base 13?
-16c
Convert -2599 (base 10) to base 7.
-10402
What is -10b8 (base 12) in base 11?
-1449
-1001100001 (base 3) to base 12
-bb54
24e (base 16) to base 11
497
3cd (base 14) to base 9
1044
Convert 1403 (base 7) to base 11.
453
-70 (base 9) to base 13
-4b
Convert -904 (base 11) to base 13.
-661
111010101 (base 2) to base 15
214
Convert 43017 (base 8) to base 11.
12525
What is -29384 (base 13) in base 6?
-1354502
What is -3c55 (base 13) in base 16?
-21f1
What is -21220210 (base 3) in base 6?
-42420
Convert -6433 (base 11) to base 8.
-20472
36 (base 16) to base 7
105
Convert 18a5 (base 15) to base 8.
12322
What is 333 (base 9) in base 10?
273
What is 2796 (base 12) in base 2?
1000111100010
Convert -1794 (base 14) to base 2.
-1000010010110
21121122 (base 3) to base 14
2048
What is -150003 (base 7) in base 14?
-a703
-1224 (base 11) to base 12
-b13
3144310 (base 5) to base 14
154b6
4251 (base 6) to base 14
4d1
7186 (base 13) to base 11
10845
What is -433121 (base 5) in base 14?
-5562
Convert -45b (base 14) to base 13.
-517
Convert -4d2 (base 16) to base 3.
-1200201
What is 1424 (base 5) in base 3?
22212
Convert -68dc (base 14) to base 13.
-83b0
15135 (base 9) to base 2
10100001001111
Convert -18105 (base 9) to base 4.
-3002333
What is -851 (base 10) in base 9?
-1145
Convert 124 (base 16) to base 13.
196
Convert -601 (base 12) to base 11.
-717
Convert -21120112 (base 3) to base 16.
-1592
What is -1946 (base 14) in base 16?
-11da
What is 6030 (base 9) in base 8?
10461
1364 (base 8) to base 15
356
332 (base 7) to base 5
1140
What is 1 (base 7) in base 9?
1
What is -28a30 (base 12) in base 16?
-ddc4
What is -59b8 (base 12) in base 4?
-2131130
726 (base 8) to base 16
1d6
c92 (base 14) to base 6
15252
Convert 7dfd (base 16) to base 9.
48216
1111111000111010 (base 2) to base 6
1221150
-213645 (base 7) to base 16
-91fb
-22033 (base 4) to base 15
-2da
Convert 40239 (base 11) to base 4.
32113200
What is 112451 (base 9) in base 5?
4124223
-453 (base 16) to base 15
-4dc
-5230 (base 6) to base 10
-1170
Convert -b1e (base 15) to base 13.
-11a8
Convert -503242 (base 6) to base 5.
-2232001
-3002 (base 5) to base 2
-101111001
What is -ae9 (base 16) in base 2?
-101011101001
Convert -4143 (base 5) to base 16.
-224
-4a1b (base 12) to base 15
-2735
Convert -401 (base 14) to base 12.
-555
What is 261 (base 7) in base 3?
12020
Convert 40421 (base 10) to base 8.
116745
3846 (base 12) to base 7
24426
What is 6761 (base 12) in base 2?
10110010111001
Convert 390c (base 15) to base 2.
10111110000010
Convert -25d (base 14) to base 5.
-3400
Convert -2076 (base 8) to base 13.
-657
Convert -216 (base 11) to base 6.
-1111
-848 (base 9) to base 16
-2b4
What is 5318 (base 11) in base 13?
3284
-130522 (base 6) to base 13
-5522
What is -1055 (base 16) in base 2?
-1000001010101
1781 (base 9) to base 5
20434
Convert -19737 (base 10) to base 5.
-1112422
Convert 63141 (base 7) to base 3.
210021120
12300 (base 4) to base 12
300
76 (base 13) to base 5
342
Convert 440 (base 9) to base 10.
360
Convert -8a22 (base 16) to base 11.
-24628
Convert -1c603 (base 14) to base 9.
-120431
Convert -1153 (base 7) to base 11.
-361
Convert 26554 (base 7) to base 4.
1233220
Convert -80 (base 16) to base 6.
-332
What is 20121220 (base 3) in base 13?
2277
Convert 101111111011110 (base 2) to base 14.
8d30
Convert d165 (base 14) to base 12.
18985
-43000 (base 5) to base 6
-21151
1221020 (base 3) to base 16
582
Convert 3730 (base 9) to base 16.
add
Convert -1b81 (base 15) to base 5.
-142341
Convert -305 (base 10) to base 15.
-155
1c11 (base 14) to base 7
20621
Convert -2012121 (base 3) to base 6.
-11241
46784 (base 9) to base 15
93e1
Convert -130410 (base 7) to base 2.
-101111010010101
Convert -2c5 (base 16) to base 4.
-23011
Convert 1000 (base 3) to base 2.
11011
-1000001000 (base 2) to base 10
-520
-472 (base 15) to base 2
-1111101111
What is 6041 (base 8) in base 4?
300201
574 (base 14) to base 10
1082
Convert 220034 (base 5) to base 3.
101022111
101313121 (base 4) to base 16
11dd9
Convert -34123 (base 5) to base 10.
-2413
21614 (base 9) to base 2
11100000001110
-1872 (base 14) to base 13
-2015
What is -113 (base 8) in base 12?
-63
Convert -112110 (base 3) to base 6.
-1450
Convert -1300202 (base 6) to base 4.
-101012222
3155 (base 7) to base 8
2136
What is 212012 (base 3) in base 7?
1553
What is 4cb3 (base 15) in base 11?
11330
Convert 15 (base 16) to base 4.
111
-28207 (base 9) to base 7
-106516
2955 (base 12) to base 14
1a81
What is 265556 (base 7) in base 4?
30031211
Convert -6c6 (base 14) to base 11.
-1018
-229 (base 12) to base 6
-1253
3534 (base 6) to base 9
1144
Convert 13341 (base 7) to base 14.
1458
Convert 3bc (base 14) to base 12.
52a
What is 444 (base 7) in base 14?
124
Convert 3249 (base 14) to base 9.
12824
What is 142536 (base 7) in base 10?
27369
203122 (base 4) to base 13
1054
224133 (base 6) to base 5
1102230
14a7 (base 11) to base 14
9c0
-103000 (base 5) to base 11
-26a2
-111212 (base 3) to base 2
-101110110
Convert b57b (base 13) to base 10.
25114
Convert -8680 (base 13) to base 3.
-221122101
Convert 610 (base 7) to base 16.
12d
11512 (base 7) to base 11
2286
What is 1871 (base 11) in base 4?
211021
What is 131635 (base 7) in base 15?
749d
Convert 21333 (base 4) to base 16.
27f
Convert -3162 (base 11) to base 14.
-174a
13416 (base 7) to base 12
2133
22430 (base 5) to base 4
121033
Convert -33390 (base 10) to base 6.
-414330
Convert -2023330 (base 4) to base 16.
-22fc
Convert -240 (base 6) to base 5.
-341
What is 266 (base 16) in base 15?
2ae
105252 (base 6) to base 12
5228
1b (base 15) to base 4
122
-2805 (base 10) to base 5
-